Let u = 939 + -649. Suppose s = 6*s - 4*g - 363, 3*g = 4*s - u. What is the units digit of s?
1
What is the tens digit of ((-23)/(-5) + -1)/(14/3605)?
2
Let g(w) = -w**3 - 35*w**2 + 29*w + 63. What is the units digit of g(-36)?
5
Suppose 0 = -4*k, 4*z + 5*k + 4005 = 15145. What is the hundreds digit of z?
7
What is the units digit of -3 + (3 - (-6)/(-18)*-3)?
1
What is the hundreds digit of (-1 - 3627)/(-13 - (6 + -17))?
8
Let s = -38 + 58. Let x = s - -71. What is the tens digit of x?
9
Suppose 299 = -4*d - 3*z + 8*z, -z + 238 = -3*d. Let q = d - -191. What is the tens digit of q?
1
Suppose 0 = -13*c + 31*c - 4356. What is the units digit of c?
2
Let f(y) be the first derivative of -5*y**2 + 8*y - 11. What is the units digit of f(-7)?
8
Suppose -40 = -5*o - 5*x, -o - 2*x = -4*x + 1. Suppose -o*j = -20, z + 0*z - j - 1 = 0. Suppose -z*g = -2*g - 51. What is the units digit of g?
7
Let m be (-6210)/(-144) + (-2)/16. Suppose 2*p = -5 - 3. Let z = m + p. What is the units digit of z?
9
Suppose 0 = -3*w + 8 + 1. Suppose 2*u - w - 7 = 0. Suppose 0 = 9*a - u*a - 52. What is the tens digit of a?
1
Let w = 1 - -2. Suppose 2*u + 105 = 4*y + 19, 0 = -w*u - y - 122. What is the tens digit of (-1)/(-2)*2 - u?
4
Suppose 4 = -4*u + 8. Let y be 1 - (-4 - u) - 2. Suppose -s - 4*n - n - 7 = 0, y*n + 29 = s. What is the units digit of s?
3
Let l = -8 - -8. Suppose l = -b - 5*c - 31, 5*b - c + 63 = -3*c. Let m(s) = s**2 + 8*s - 2. What is the tens digit of m(b)?
3
Let j(b) = -b - 8. Let o be j(-6). Let n(h) = -67*h - 8. What is the units digit of n(o)?
6
Let r = 28 + -18. Let g = r + 4. What is the units digit of g?
4
Let j(d) = -d - 7. Let o be j(-5). Let y be (-1 - -123) + 0 + o. Suppose -2*m - 2*m = -y. What is the units digit of m?
0
Let i = -368 - -404. What is the units digit of i?
6
Let q(x) = -x**2. Let p(u) = 15*u**2 - u - 1. Let o(j) = j**2 + 6. Let a be o(0). Let b(r) = a*q(r) + p(r). What is the units digit of b(-1)?
9
Let g(r) = -r**2 - 12*r + 43. Let n be g(-15). What is the tens digit of 95 + 0/2 + n?
9
Let h(z) be the third derivative of -z**6/60 - z**5/30 - z**4/8 + z**3/3 - 11*z**2. What is the tens digit of h(-3)?
4
Let g = 1839 - 992. What is the hundreds digit of g?
8
Let n = 67 - 65. Suppose -n*g + 3*h - 2*h = -571, 4*h - 840 = -3*g. What is the tens digit of g?
8
Let w(f) = f**2 - 8*f - 94. What is the tens digit of w(-9)?
5
Let g = -360 + 3183. What is the units digit of g?
3
Let n(f) = -544*f**3 - 6*f**2 - f. What is the tens digit of n(-1)?
3
Let b = 3 - 8. Let k be -3 + 5 - (b + 1). What is the tens digit of (-1)/3 + 368/k?
6
Suppose 10*m = 12*m - 16. Suppose -i - 3*i + o + 132 = 0, m = -2*o. What is the units digit of i?
2
Let s be 2/6*1*12. Suppose t - 5*t + 2*m = -44, 3*t = s*m + 23. What is the units digit of t?
3
Let l = 12 - -60. Suppose -98 = -2*q - 0*p + 2*p, 5*q = -2*p + 280. Suppose 4*i - l = -4*c, 2*c - i + 15 = q. What is the units digit of c?
9
Let d(m) = 2*m**2 - 2*m - 5. Let o be d(5). Suppose 5*r - o = 245. What is the units digit of 5/((-4)/r*-2)?
5
Let f(s) = 9*s**3 + 3*s**2 - 4*s + 2. Let q be f(2). Suppose 5*h - 5 - 18 = 2*u, 10 = h + 5*u. Suppose h*n - q = 82. What is the units digit of n?
2
Let u be 2/(1/32*4). Let h = u - -8. What is the tens digit of h?
2
Let o be 0 - (-1)/(-4) - 333/(-36). What is the units digit of (-16900)/(-234) + 7/o + -1?
2
Suppose -r + 3*u = -0*r, 4*r - 5*u - 14 = 0. Let t be r - 4 - 4 - -62. Let k = t - 42. What is the units digit of k?
8
Let h = 16 + -14. Let q be (-1)/(h/(-5 + 1)). Suppose -t + 5*o + 43 = 0, 93 = t + q*t - 3*o. What is the tens digit of t?
2
What is the units digit of (-4 - 568/(-16))*(-104)/(-6)?
6
Suppose 25*c - 5300 = 23900. What is the thousands digit of c?
1
Let k = 772 + -547. Suppose 0 = -2*c + m + k, 2*m = -5*c + 6*m + 567. What is the hundreds digit of c?
1
What is the tens digit of (4/((-24)/(-790)))/((-20)/(-360))?
7
Let p = -1810 - -2551. What is the tens digit of p?
4
Suppose -2*a = 2*r, 0 = 4*a - 2*r + 5*r. Suppose a = -w - 12 + 16. Suppose -w*h = 2*c - 94, -1 = -0*h - h + 4*c. What is the tens digit of h?
2
Let w(x) be the first derivative of x**2/2 + 9*x + 7. Let k be w(-11). What is the tens digit of (-10 + k + 2)*-2?
2
Let y(w) = 2*w**2 + 7*w - 2. Let q be y(-6). Let l = 15 + q. What is the units digit of l?
3
Let x be 7/28 + (-23)/(-4). Suppose 0 = y + x. Let d = 17 + y. What is the units digit of d?
1
Let f = 222 + -210. Let l = 2 + -5. What is the tens digit of (f - l)*4/5?
1
Let j = -23 - -495. What is the tens digit of j?
7
Let o(g) = -g + 20. Let i be o(-14). Let t = i + -29. What is the units digit of (-108)/t*10/(-3)?
2
Let m be 6/((-6)/(-3)) - -29. Suppose m = 2*y + 378. What is the tens digit of y/(-7) + (-10)/(-35)?
2
Suppose -2*g + 538 + 1406 = 0. What is the hundreds digit of g?
9
Suppose 2*t + 224 = -4*g, -5*t + 280 = -4*g - g. Let d = -27 - g. What is the units digit of d?
9
Let z = -249 - -742. Suppose 4*g = 3*h - z, -h - 4*h + 2*g + 845 = 0. What is the tens digit of h?
7
Let j = -22 + 26. Suppose -j*k - 100 - 52 = 0. Let a = -4 - k. What is the units digit of a?
4
Let j = -18 - -22. Suppose -j = 4*u, 4*u + u = 2*o - 77. Let z = o + -16. What is the tens digit of z?
2
Let o(d) = 2*d**2 + 2 + 4 + 5 - 8*d + 0*d**2. What is the tens digit of o(6)?
3
Let g(n) = 26*n + 16. Let i be (0/(-3) + -1)*(-13 - -9). What is the tens digit of g(i)?
2
Suppose -4*o + 5148 = -4*u, -3*o + 4*u + 928 = -2929. What is the thousands digit of o?
1
Let v = 32 - 32. Let z(m) = -m**2 + 585. Let p be z(v). Suppose -6*i + p = 3*i. What is the tens digit of i?
6
Suppose 0 = -15*r + 1731 + 7659. What is the units digit of r?
6
Let z(u) = 4*u**3 - 26*u**2 - 8*u + 17. What is the tens digit of z(9)?
5
Let u be 8/(-24)*(-6)/1. Let x(i) = -i**3 + 2*i**2 + 2*i - 1. What is the units digit of x(u)?
3
Suppose -10*c = -9*c - 134. Suppose 2*g = 1086 - c. Suppose 0 = -5*u + g - 131. What is the tens digit of u?
6
Suppose 2886 = 7*y - 726. What is the hundreds digit of y?
5
Let h = -2 - -7. Suppose 0 = h*g - 7 - 8. What is the units digit of (-95)/(-15) - (-2)/g?
7
Suppose -3*y = -2554 - 344. What is the units digit of y?
6
What is the units digit of (4 - 3) + -9 - -942?
4
Let n = 30 + -26. What is the tens digit of 3 + 148/2 - (2 - n)?
7
Let o = 467 - 330. What is the tens digit of o?
3
Suppose 3*y + 45 = -2*y. Let x(v) be the first derivative of -v**2/2 + 9*v + 16. What is the tens digit of x(y)?
1
Let k(w) = 2*w + 1. Let t be k(7). Suppose -177 - t = -3*d. What is the units digit of d?
4
Suppose 249*l - 17708 = 245*l. What is the hundreds digit of l?
4
Suppose -3*h = 2*g - 2497, 4*g + 5004 = 8*g - 4*h. What is the hundreds digit of g?
2
Let c(x) = -x**3 + x - 8. Let b be c(0). Let p(i) = -2*i**3 - 3*i + i**3 - 1 + 330*i**2 - 338*i**2. What is the tens digit of p(b)?
2
Let n = 5 - 2. Let u(z) = -z**3 + 10*z**2 + 10*z - 6. Let t be u(10). Suppose -b = -n*b + t. What is the tens digit of b?
4
Let u(o) = -o**2 - 5*o + 16. Let y(t) = -3*t + 9. Let b be y(6). Let z be u(b). Let l = z - -42. What is the tens digit of l?
2
Let m = 912 + -460. Suppose 5*k - m = -o, -3*k + 182 = -k + o. What is the tens digit of k?
9
Suppose 110*s + 1926 = 116*s. What is the units digit of s?
1
Let v be (-2)/8*0 + 10. Let a = v - 13. Let c(b) = -b**3 - 2*b**2 - 5*b - 3. What is the tens digit of c(a)?
2
Suppose 8*x - 534 - 386 = 0. What is the hundreds digit of x?
1
Let u = 125 + -206. Let k = u + 133. Suppose k = 6*f - 104. What is the units digit of f?
6
Suppose 11*b - 8219 + 1784 = 0. What is the units digit of b?
5
Suppose 0*o - 4*o = 0. Let a = o + 4. Suppose 2*m = -4*r + 1 + 57, -a*r + 43 = -3*m. What is the tens digit of r?
1
Suppose 0 = -4*y - 12, 27*j - 31*j = y - 1817. What is the hundreds digit of j?
4
Let r(y) = -1. Let b(m) = m - 2. Let d(u) = -b(u) + r(u). Let v be d(7). What is the units digit of 498/21 - v/21?
4
Let r(y) = y**3 + 3*y**2 - 6*y - 6. Let w be r(-4). Suppose w*s = -s. Suppose 3*a + p = 77, -4*p - 15 - 1 = s. What is the units digit of a?
7
Let y = -72 + 67. Let w(a) = 2*a**3 + 11*a**2 + 2*a + 11. What is the tens digit of w(y)?
2
Suppose 0*u - 12 = -3*u. Suppose u*x = -20, x = h - 2*x - 85. What is the tens digit of h?
7
Let l(s) be the second derivative of 2*s**3/3